{"id":91,"date":"2024-04-08T15:45:20","date_gmt":"2024-04-08T18:45:20","guid":{"rendered":"http:\/\/valentinapetshop.com.br\/?page_id=91"},"modified":"2024-07-27T15:12:11","modified_gmt":"2024-07-27T18:12:11","slug":"nossos-servicos","status":"publish","type":"page","link":"https:\/\/valentinapetshop.com.br\/?page_id=91","title":{"rendered":"Nossos Servi\u00e7os"},"content":{"rendered":"\t\t<div data-elementor-type=\"wp-page\" data-elementor-id=\"91\" class=\"elementor elementor-91\">\n\t\t\t\t<div class=\"elementor-element elementor-element-e5441a9 e-flex e-con-boxed e-con e-parent\" data-id=\"e5441a9\" data-element_type=\"container\" data-settings=\"{&quot;background_background&quot;:&quot;slideshow&quot;,&quot;background_slideshow_gallery&quot;:[{&quot;id&quot;:635,&quot;url&quot;:&quot;http:\\\/\\\/valentinapetshop.com.br\\\/wp-content\\\/uploads\\\/2024\\\/07\\\/pexels-emhopper-7032024-scaled.jpg&quot;},{&quot;id&quot;:643,&quot;url&quot;:&quot;http:\\\/\\\/valentinapetshop.com.br\\\/wp-content\\\/uploads\\\/2024\\\/07\\\/pexels-alinaskazka-14730837-scaled.jpg&quot;}],&quot;background_slideshow_loop&quot;:&quot;yes&quot;,&quot;background_slideshow_slide_duration&quot;:5000,&quot;background_slideshow_slide_transition&quot;:&quot;fade&quot;,&quot;background_slideshow_transition_duration&quot;:500}\">\n\t\t\t\t\t<div class=\"e-con-inner\">\n\t\t\t\t<div class=\"elementor-element elementor-element-243e8b2 elementor-invisible elementor-widget elementor-widget-heading\" data-id=\"243e8b2\" data-element_type=\"widget\" data-settings=\"{&quot;_animation&quot;:&quot;wobble&quot;}\" data-widget_type=\"heading.default\">\n\t\t\t\t<div class=\"elementor-widget-container\">\n\t\t\t<style>\/*! elementor - v3.23.0 - 25-07-2024 *\/\n.elementor-heading-title{padding:0;margin:0;line-height:1}.elementor-widget-heading .elementor-heading-title[class*=elementor-size-]>a{color:inherit;font-size:inherit;line-height:inherit}.elementor-widget-heading .elementor-heading-title.elementor-size-small{font-size:15px}.elementor-widget-heading .elementor-heading-title.elementor-size-medium{font-size:19px}.elementor-widget-heading .elementor-heading-title.elementor-size-large{font-size:29px}.elementor-widget-heading .elementor-heading-title.elementor-size-xl{font-size:39px}.elementor-widget-heading .elementor-heading-title.elementor-size-xxl{font-size:59px}<\/style><h1 class=\"elementor-heading-title elementor-size-default\">NOSSOS SERVI\u00c7OS<\/h1>\t\t<\/div>\n\t\t\t\t<\/div>\n\t\t\t\t\t<\/div>\n\t\t\t\t<\/div>\n\t\t<div class=\"elementor-element elementor-element-eff8185 e-flex e-con-boxed e-con e-parent\" data-id=\"eff8185\" data-element_type=\"container\">\n\t\t\t\t\t<div class=\"e-con-inner\">\n\t\t\t\t<div class=\"elementor-element elementor-element-4ae1a4d ekit-image-accordion-horizontal ekit-image-accordion-click elementor-widget elementor-widget-elementskit-image-accordion\" data-id=\"4ae1a4d\" data-element_type=\"widget\" data-widget_type=\"elementskit-image-accordion.default\">\n\t\t\t\t<div class=\"elementor-widget-container\">\n\t\t\t<div class=\"ekit-wid-con\" >\t\t<div class=\"ekit-image-accordion elementskit-image-accordion-wraper\">\n\t\t\t                <input type=\"radio\" name=\"ekit_ia_4ae1a4d\" id=\"ekit_ia_4ae1a4d_0\" class=\"elementskit-single-image-accordion--input\" hidden>\n                <label for=\"ekit_ia_4ae1a4d_0\" class=\"elementskit-single-image-accordion ekit-image-accordion-item\" style=\"background-image: url(http:\/\/valentinapetshop.com.br\/wp-content\/uploads\/2024\/05\/IMG_9169-scaled.jpg)\">\n                    <span class=\"elementskit-accordion-content\">\n\t\t\t\t\t\t\t\t\t\t\t\t\t<span class=\"elementskit-accordion-title-wraper\">\n\t\t\t\t\t\t\t\t<span class=\"elementskit-accordion-title \">\n\t\t\t\t\t\t\t\t\n\t\t\t\t\t\t\t\tBANHO\n\t\t\t\t\t\t\t\t\t\t\t\t\t\t\t\t<\/span>\n\t\t\t\t\t\t\t<\/span>\n\t\t\t\t\t\t\t                    <\/span>\n                <\/label>\n                            <input type=\"radio\" name=\"ekit_ia_4ae1a4d\" id=\"ekit_ia_4ae1a4d_1\" class=\"elementskit-single-image-accordion--input\" hidden>\n                <label for=\"ekit_ia_4ae1a4d_1\" class=\"elementskit-single-image-accordion ekit-image-accordion-item\" style=\"background-image: url(http:\/\/valentinapetshop.com.br\/wp-content\/uploads\/2024\/05\/IMG_9198-scaled.jpg)\">\n                    <span class=\"elementskit-accordion-content\">\n\t\t\t\t\t\t\t\t\t\t\t\t\t<span class=\"elementskit-accordion-title-wraper\">\n\t\t\t\t\t\t\t\t<span class=\"elementskit-accordion-title \">\n\t\t\t\t\t\t\t\t\n\t\t\t\t\t\t\t\tTOSA\n\t\t\t\t\t\t\t\t\t\t\t\t\t\t\t\t<\/span>\n\t\t\t\t\t\t\t<\/span>\n\t\t\t\t\t\t\t                    <\/span>\n                <\/label>\n                            <input type=\"radio\" name=\"ekit_ia_4ae1a4d\" id=\"ekit_ia_4ae1a4d_2\" class=\"elementskit-single-image-accordion--input\" hidden>\n                <label for=\"ekit_ia_4ae1a4d_2\" class=\"elementskit-single-image-accordion ekit-image-accordion-item\" style=\"background-image: url(http:\/\/valentinapetshop.com.br\/wp-content\/uploads\/2024\/05\/IMG_9230-scaled.jpg)\">\n                    <span class=\"elementskit-accordion-content\">\n\t\t\t\t\t\t\t\t\t\t\t\t\t<span class=\"elementskit-accordion-title-wraper\">\n\t\t\t\t\t\t\t\t<span class=\"elementskit-accordion-title \">\n\t\t\t\t\t\t\t\t\n\t\t\t\t\t\t\t\tHIDRATA\u00c7\u00c3O\n\t\t\t\t\t\t\t\t\t\t\t\t\t\t\t\t<\/span>\n\t\t\t\t\t\t\t<\/span>\n\t\t\t\t\t\t\t                    <\/span>\n                <\/label>\n                    <\/div>\n    <\/div>\t\t<\/div>\n\t\t\t\t<\/div>\n\t\t\t\t<div class=\"elementor-element elementor-element-3f46fcb elementor-widget elementor-widget-elementskit-simple-tab\" data-id=\"3f46fcb\" data-element_type=\"widget\" data-widget_type=\"elementskit-simple-tab.default\">\n\t\t\t\t<div class=\"elementor-widget-container\">\n\t\t\t<div class=\"ekit-wid-con\" >        <div class=\"elementkit-tab-wraper   elementskit-fitcontent-tab \">\n            <ul class=\"nav nav-tabs elementkit-tab-nav \">\n                                    <li class=\"elementkit-nav-item elementor-repeater-item-b0918f5\">\n                        <a class=\"elementkit-nav-link  active show left-pos\" id=\"content-b0918f569db8e402db17-tab\" data-ekit-handler-id=\"est-tica-animal\" data-ekit-toggle=\"tab\" data-target=\"#content-b0918f569db8e402db17\" href=\"#Content-b0918f569db8e402db17\"\n                            data-ekit-toggle-trigger=\"click\"\n                            aria-describedby=\"Content-b0918f569db8e402db17\">\n                            <span class=\"fas fa-dog elementskit-tab-icon\"><\/span>                            <span class=\"elementskit-tab-title\"> EST\u00c9TICA ANIMAL<\/span>\n                        <\/a>\n                    <\/li>\n                                <\/ul>\n\n            <div class=\"tab-content elementkit-tab-content\">\n                                    <div class=\"tab-pane elementkit-tab-pane elementor-repeater-item-b0918f5  active show\" id=\"content-b0918f569db8e402db17\" role=\"tabpanel\"\n                         aria-labelledby=\"content-b0918f569db8e402db17-tab\">\n                        <div class=\"animated fadeIn\">\n                            <p style=\"text-align: center;\"><strong>BANHO\u00a0 |\u00a0 <\/strong><strong>TOSA\u00a0 |\u00a0 <\/strong><strong>HIDRATA\u00c7\u00c3O<\/strong><\/p>                        <\/div>\n                    <\/div>\n                            <\/div>\n        <\/div>\n    <\/div>\t\t<\/div>\n\t\t\t\t<\/div>\n\t\t\t\t\t<\/div>\n\t\t\t\t<\/div>\n\t\t<div class=\"elementor-element elementor-element-47a7d28 e-flex e-con-boxed e-con e-parent\" data-id=\"47a7d28\" data-element_type=\"container\">\n\t\t\t\t\t<div class=\"e-con-inner\">\n\t\t\t\t<div class=\"elementor-element elementor-element-b2108ff ekit-image-accordion-horizontal ekit-image-accordion-click elementor-widget elementor-widget-elementskit-image-accordion\" data-id=\"b2108ff\" data-element_type=\"widget\" data-widget_type=\"elementskit-image-accordion.default\">\n\t\t\t\t<div class=\"elementor-widget-container\">\n\t\t\t<div class=\"ekit-wid-con\" >\t\t<div class=\"ekit-image-accordion elementskit-image-accordion-wraper\">\n\t\t\t                <input type=\"radio\" name=\"ekit_ia_b2108ff\" id=\"ekit_ia_b2108ff_0\" class=\"elementskit-single-image-accordion--input\" hidden>\n                <label for=\"ekit_ia_b2108ff_0\" class=\"elementskit-single-image-accordion ekit-image-accordion-item\" style=\"background-image: url(http:\/\/valentinapetshop.com.br\/wp-content\/uploads\/2024\/05\/IMG_9707-scaled.jpg)\">\n                    <span class=\"elementskit-accordion-content\">\n\t\t\t\t\t\t\t\t\t\t\t\t\t<span class=\"elementskit-accordion-title-wraper\">\n\t\t\t\t\t\t\t\t<span class=\"elementskit-accordion-title \">\n\t\t\t\t\t\t\t\t\n\t\t\t\t\t\t\t\tATENDIMENTO CL\u00cdNICO\n\t\t\t\t\t\t\t\t\t\t\t\t\t\t\t\t<\/span>\n\t\t\t\t\t\t\t<\/span>\n\t\t\t\t\t\t\t                    <\/span>\n                <\/label>\n                            <input type=\"radio\" name=\"ekit_ia_b2108ff\" id=\"ekit_ia_b2108ff_1\" class=\"elementskit-single-image-accordion--input\" hidden>\n                <label for=\"ekit_ia_b2108ff_1\" class=\"elementskit-single-image-accordion ekit-image-accordion-item\" style=\"background-image: url(http:\/\/valentinapetshop.com.br\/wp-content\/uploads\/2024\/05\/IMG_9694-scaled.jpg)\">\n                    <span class=\"elementskit-accordion-content\">\n\t\t\t\t\t\t\t\t\t\t\t\t\t<span class=\"elementskit-accordion-title-wraper\">\n\t\t\t\t\t\t\t\t<span class=\"elementskit-accordion-title \">\n\t\t\t\t\t\t\t\t\n\t\t\t\t\t\t\t\tCIRURGIA\n\t\t\t\t\t\t\t\t\t\t\t\t\t\t\t\t<\/span>\n\t\t\t\t\t\t\t<\/span>\n\t\t\t\t\t\t\t                    <\/span>\n                <\/label>\n                            <input type=\"radio\" name=\"ekit_ia_b2108ff\" id=\"ekit_ia_b2108ff_2\" class=\"elementskit-single-image-accordion--input\" hidden>\n                <label for=\"ekit_ia_b2108ff_2\" class=\"elementskit-single-image-accordion ekit-image-accordion-item\" style=\"background-image: url(http:\/\/valentinapetshop.com.br\/wp-content\/uploads\/2024\/05\/IMG_9730-scaled.jpg)\">\n                    <span class=\"elementskit-accordion-content\">\n\t\t\t\t\t\t\t\t\t\t\t\t\t<span class=\"elementskit-accordion-title-wraper\">\n\t\t\t\t\t\t\t\t<span class=\"elementskit-accordion-title \">\n\t\t\t\t\t\t\t\t\n\t\t\t\t\t\t\t\tEXAMES\n\t\t\t\t\t\t\t\t\t\t\t\t\t\t\t\t<\/span>\n\t\t\t\t\t\t\t<\/span>\n\t\t\t\t\t\t\t                    <\/span>\n                <\/label>\n                    <\/div>\n    <\/div>\t\t<\/div>\n\t\t\t\t<\/div>\n\t\t\t\t<div class=\"elementor-element elementor-element-967b099 elementor-widget elementor-widget-elementskit-simple-tab\" data-id=\"967b099\" data-element_type=\"widget\" data-widget_type=\"elementskit-simple-tab.default\">\n\t\t\t\t<div class=\"elementor-widget-container\">\n\t\t\t<div class=\"ekit-wid-con\" >        <div class=\"elementkit-tab-wraper   elementskit-fitcontent-tab \">\n            <ul class=\"nav nav-tabs elementkit-tab-nav \">\n                                    <li class=\"elementkit-nav-item elementor-repeater-item-d8bdfbe\">\n                        <a class=\"elementkit-nav-link  active show left-pos\" id=\"content-d8bdfbe69db8e402f897-tab\" data-ekit-handler-id=\"cl-nica\" data-ekit-toggle=\"tab\" data-target=\"#content-d8bdfbe69db8e402f897\" href=\"#Content-d8bdfbe69db8e402f897\"\n                            data-ekit-toggle-trigger=\"click\"\n                            aria-describedby=\"Content-d8bdfbe69db8e402f897\">\n                            <span class=\"fas fa-hand-holding-medical elementskit-tab-icon\"><\/span>                            <span class=\"elementskit-tab-title\"> CL\u00cdNICA<\/span>\n                        <\/a>\n                    <\/li>\n                                <\/ul>\n\n            <div class=\"tab-content elementkit-tab-content\">\n                                    <div class=\"tab-pane elementkit-tab-pane elementor-repeater-item-d8bdfbe  active show\" id=\"content-d8bdfbe69db8e402f897\" role=\"tabpanel\"\n                         aria-labelledby=\"content-d8bdfbe69db8e402f897-tab\">\n                        <div class=\"animated fadeIn\">\n                            <p style=\"text-align: center;\"><strong>ATENDIMENTO CL\u00cdNICO\u00a0 |\u00a0 <\/strong><strong>CIRURGIA\u00a0 |\u00a0 <\/strong><strong>EXAMES\u00a0 |\u00a0 LABORATORIAIS\u00a0 |\u00a0 <\/strong><strong>EXAMES DE IMAGEM\u00a0 |\u00a0 <\/strong><strong>ELETROCARDIOGRAMA<\/strong><strong>\u00a0 |\u00a0 VACINAS<\/strong><\/p>                        <\/div>\n                    <\/div>\n                            <\/div>\n        <\/div>\n    <\/div>\t\t<\/div>\n\t\t\t\t<\/div>\n\t\t\t\t\t<\/div>\n\t\t\t\t<\/div>\n\t\t<div class=\"elementor-element elementor-element-77613e3 e-flex e-con-boxed e-con e-parent\" data-id=\"77613e3\" data-element_type=\"container\">\n\t\t\t\t\t<div class=\"e-con-inner\">\n\t\t<div class=\"elementor-element elementor-element-eefd6dc e-con-full e-flex e-con e-child\" data-id=\"eefd6dc\" data-element_type=\"container\">\n\t\t\t\t<\/div>\n\t\t<div class=\"elementor-element elementor-element-05370be e-con-full e-flex e-con e-child\" data-id=\"05370be\" data-element_type=\"container\">\n\t\t\t\t<\/div>\n\t\t\t\t\t<\/div>\n\t\t\t\t<\/div>\n\t\t<div class=\"elementor-element elementor-element-f581fd4 e-flex e-con-boxed e-con e-parent\" data-id=\"f581fd4\" data-element_type=\"container\">\n\t\t\t\t\t<div class=\"e-con-inner\">\n\t\t<div class=\"elementor-element elementor-element-ff2fd4f e-con-full e-flex e-con e-child\" data-id=\"ff2fd4f\" data-element_type=\"container\">\n\t\t\t\t<\/div>\n\t\t<div class=\"elementor-element elementor-element-e05fc02 e-con-full e-flex e-con e-child\" data-id=\"e05fc02\" data-element_type=\"container\">\n\t\t\t\t<\/div>\n\t\t\t\t\t<\/div>\n\t\t\t\t<\/div>\n\t\t\t\t<\/div>\n\t\t","protected":false},"excerpt":{"rendered":"<p>NOSSOS SERVI\u00c7OS BANHO TOSA HIDRATA\u00c7\u00c3O EST\u00c9TICA ANIMAL BANHO\u00a0 |\u00a0 TOSA\u00a0 |\u00a0 HIDRATA\u00c7\u00c3O ATENDIMENTO CL\u00cdNICO CIRURGIA EXAMES CL\u00cdNICA ATENDIMENTO CL\u00cdNICO\u00a0 |\u00a0 CIRURGIA\u00a0 |\u00a0 EXAMES\u00a0 |\u00a0 LABORATORIAIS\u00a0 |\u00a0 EXAMES DE IMAGEM\u00a0 |\u00a0 ELETROCARDIOGRAMA\u00a0 |\u00a0 VACINAS<\/p>\n","protected":false},"author":1,"featured_media":0,"parent":0,"menu_order":0,"comment_status":"closed","ping_status":"closed","template":"elementor_header_footer","meta":{"footnotes":""},"class_list":["post-91","page","type-page","status-publish","hentry"],"yoast_head":"<!-- This site is optimized with the Yoast SEO plugin v23.1 - https:\/\/yoast.com\/wordpress\/plugins\/seo\/ -->\n<title>Nossos Servi\u00e7os - Valentina Pet Shop e Clinica<\/title>\n<meta name=\"description\" content=\"Em nosso Pet Shop, voc\u00ea encontrar\u00e1 uma equipe de profissionais pronta para atender todas as necessidades do seu pet.\" \/>\n<meta name=\"robots\" content=\"index, follow, max-snippet:-1, max-image-preview:large, max-video-preview:-1\" \/>\n<link rel=\"canonical\" href=\"http:\/\/valentinapetshop.com.br\/?page_id=91\" \/>\n<meta property=\"og:locale\" content=\"pt_BR\" \/>\n<meta property=\"og:type\" content=\"article\" \/>\n<meta property=\"og:title\" content=\"Nossos Servi\u00e7os - Valentina Pet Shop e Clinica\" \/>\n<meta property=\"og:description\" content=\"Em nosso Pet Shop, voc\u00ea encontrar\u00e1 uma equipe de profissionais pronta para atender todas as necessidades do seu pet.\" \/>\n<meta property=\"og:url\" content=\"http:\/\/valentinapetshop.com.br\/?page_id=91\" \/>\n<meta property=\"og:site_name\" content=\"Valentina Pet Shop e Clinica\" \/>\n<meta property=\"article:publisher\" content=\"https:\/\/www.facebook.com\/valentinapetshop\/\" \/>\n<meta property=\"article:modified_time\" content=\"2024-07-27T18:12:11+00:00\" \/>\n<meta name=\"twitter:card\" content=\"summary_large_image\" \/>\n<meta name=\"twitter:label1\" content=\"Est. tempo de leitura\" \/>\n\t<meta name=\"twitter:data1\" content=\"1 minuto\" \/>\n<script type=\"application\/ld+json\" class=\"yoast-schema-graph\">{\"@context\":\"https:\/\/schema.org\",\"@graph\":[{\"@type\":\"WebPage\",\"@id\":\"http:\/\/valentinapetshop.com.br\/?page_id=91\",\"url\":\"http:\/\/valentinapetshop.com.br\/?page_id=91\",\"name\":\"Nossos Servi\u00e7os - Valentina Pet Shop e Clinica\",\"isPartOf\":{\"@id\":\"http:\/\/valentinapetshop.com.br\/#website\"},\"datePublished\":\"2024-04-08T18:45:20+00:00\",\"dateModified\":\"2024-07-27T18:12:11+00:00\",\"description\":\"Em nosso Pet Shop, voc\u00ea encontrar\u00e1 uma equipe de profissionais pronta para atender todas as necessidades do seu pet.\",\"breadcrumb\":{\"@id\":\"http:\/\/valentinapetshop.com.br\/?page_id=91#breadcrumb\"},\"inLanguage\":\"pt-BR\",\"potentialAction\":[{\"@type\":\"ReadAction\",\"target\":[\"http:\/\/valentinapetshop.com.br\/?page_id=91\"]}]},{\"@type\":\"BreadcrumbList\",\"@id\":\"http:\/\/valentinapetshop.com.br\/?page_id=91#breadcrumb\",\"itemListElement\":[{\"@type\":\"ListItem\",\"position\":1,\"name\":\"In\u00edcio\",\"item\":\"http:\/\/valentinapetshop.com.br\/\"},{\"@type\":\"ListItem\",\"position\":2,\"name\":\"Nossos Servi\u00e7os\"}]},{\"@type\":\"WebSite\",\"@id\":\"http:\/\/valentinapetshop.com.br\/#website\",\"url\":\"http:\/\/valentinapetshop.com.br\/\",\"name\":\"Valentina Pet Shop e Clinica\",\"description\":\"\",\"publisher\":{\"@id\":\"http:\/\/valentinapetshop.com.br\/#organization\"},\"potentialAction\":[{\"@type\":\"SearchAction\",\"target\":{\"@type\":\"EntryPoint\",\"urlTemplate\":\"http:\/\/valentinapetshop.com.br\/?s={search_term_string}\"},\"query-input\":\"required name=search_term_string\"}],\"inLanguage\":\"pt-BR\"},{\"@type\":\"Organization\",\"@id\":\"http:\/\/valentinapetshop.com.br\/#organization\",\"name\":\"Valentina Pet Shop e Clinica\",\"url\":\"http:\/\/valentinapetshop.com.br\/\",\"logo\":{\"@type\":\"ImageObject\",\"inLanguage\":\"pt-BR\",\"@id\":\"http:\/\/valentinapetshop.com.br\/#\/schema\/logo\/image\/\",\"url\":\"https:\/\/valentinapetshop.com.br\/wp-content\/uploads\/2024\/04\/valentina-pet-shop-e-clinica-logomarca.png\",\"contentUrl\":\"https:\/\/valentinapetshop.com.br\/wp-content\/uploads\/2024\/04\/valentina-pet-shop-e-clinica-logomarca.png\",\"width\":901,\"height\":177,\"caption\":\"Valentina Pet Shop e Clinica\"},\"image\":{\"@id\":\"http:\/\/valentinapetshop.com.br\/#\/schema\/logo\/image\/\"},\"sameAs\":[\"https:\/\/www.facebook.com\/valentinapetshop\/\",\"https:\/\/www.instagram.com\/valentinapetshop\/\"]}]}<\/script>\n<!-- \/ Yoast SEO plugin. -->","yoast_head_json":{"title":"Nossos Servi\u00e7os - Valentina Pet Shop e Clinica","description":"Em nosso Pet Shop, voc\u00ea encontrar\u00e1 uma equipe de profissionais pronta para atender todas as necessidades do seu pet.","robots":{"index":"index","follow":"follow","max-snippet":"max-snippet:-1","max-image-preview":"max-image-preview:large","max-video-preview":"max-video-preview:-1"},"canonical":"http:\/\/valentinapetshop.com.br\/?page_id=91","og_locale":"pt_BR","og_type":"article","og_title":"Nossos Servi\u00e7os - Valentina Pet Shop e Clinica","og_description":"Em nosso Pet Shop, voc\u00ea encontrar\u00e1 uma equipe de profissionais pronta para atender todas as necessidades do seu pet.","og_url":"http:\/\/valentinapetshop.com.br\/?page_id=91","og_site_name":"Valentina Pet Shop e Clinica","article_publisher":"https:\/\/www.facebook.com\/valentinapetshop\/","article_modified_time":"2024-07-27T18:12:11+00:00","twitter_card":"summary_large_image","twitter_misc":{"Est. tempo de leitura":"1 minuto"},"schema":{"@context":"https:\/\/schema.org","@graph":[{"@type":"WebPage","@id":"http:\/\/valentinapetshop.com.br\/?page_id=91","url":"http:\/\/valentinapetshop.com.br\/?page_id=91","name":"Nossos Servi\u00e7os - Valentina Pet Shop e Clinica","isPartOf":{"@id":"http:\/\/valentinapetshop.com.br\/#website"},"datePublished":"2024-04-08T18:45:20+00:00","dateModified":"2024-07-27T18:12:11+00:00","description":"Em nosso Pet Shop, voc\u00ea encontrar\u00e1 uma equipe de profissionais pronta para atender todas as necessidades do seu pet.","breadcrumb":{"@id":"http:\/\/valentinapetshop.com.br\/?page_id=91#breadcrumb"},"inLanguage":"pt-BR","potentialAction":[{"@type":"ReadAction","target":["http:\/\/valentinapetshop.com.br\/?page_id=91"]}]},{"@type":"BreadcrumbList","@id":"http:\/\/valentinapetshop.com.br\/?page_id=91#breadcrumb","itemListElement":[{"@type":"ListItem","position":1,"name":"In\u00edcio","item":"http:\/\/valentinapetshop.com.br\/"},{"@type":"ListItem","position":2,"name":"Nossos Servi\u00e7os"}]},{"@type":"WebSite","@id":"http:\/\/valentinapetshop.com.br\/#website","url":"http:\/\/valentinapetshop.com.br\/","name":"Valentina Pet Shop e Clinica","description":"","publisher":{"@id":"http:\/\/valentinapetshop.com.br\/#organization"},"potentialAction":[{"@type":"SearchAction","target":{"@type":"EntryPoint","urlTemplate":"http:\/\/valentinapetshop.com.br\/?s={search_term_string}"},"query-input":"required name=search_term_string"}],"inLanguage":"pt-BR"},{"@type":"Organization","@id":"http:\/\/valentinapetshop.com.br\/#organization","name":"Valentina Pet Shop e Clinica","url":"http:\/\/valentinapetshop.com.br\/","logo":{"@type":"ImageObject","inLanguage":"pt-BR","@id":"http:\/\/valentinapetshop.com.br\/#\/schema\/logo\/image\/","url":"https:\/\/valentinapetshop.com.br\/wp-content\/uploads\/2024\/04\/valentina-pet-shop-e-clinica-logomarca.png","contentUrl":"https:\/\/valentinapetshop.com.br\/wp-content\/uploads\/2024\/04\/valentina-pet-shop-e-clinica-logomarca.png","width":901,"height":177,"caption":"Valentina Pet Shop e Clinica"},"image":{"@id":"http:\/\/valentinapetshop.com.br\/#\/schema\/logo\/image\/"},"sameAs":["https:\/\/www.facebook.com\/valentinapetshop\/","https:\/\/www.instagram.com\/valentinapetshop\/"]}]}},"_links":{"self":[{"href":"https:\/\/valentinapetshop.com.br\/index.php?rest_route=\/wp\/v2\/pages\/91","targetHints":{"allow":["GET"]}}],"collection":[{"href":"https:\/\/valentinapetshop.com.br\/index.php?rest_route=\/wp\/v2\/pages"}],"about":[{"href":"https:\/\/valentinapetshop.com.br\/index.php?rest_route=\/wp\/v2\/types\/page"}],"author":[{"embeddable":true,"href":"https:\/\/valentinapetshop.com.br\/index.php?rest_route=\/wp\/v2\/users\/1"}],"replies":[{"embeddable":true,"href":"https:\/\/valentinapetshop.com.br\/index.php?rest_route=%2Fwp%2Fv2%2Fcomments&post=91"}],"version-history":[{"count":70,"href":"https:\/\/valentinapetshop.com.br\/index.php?rest_route=\/wp\/v2\/pages\/91\/revisions"}],"predecessor-version":[{"id":747,"href":"https:\/\/valentinapetshop.com.br\/index.php?rest_route=\/wp\/v2\/pages\/91\/revisions\/747"}],"wp:attachment":[{"href":"https:\/\/valentinapetshop.com.br\/index.php?rest_route=%2Fwp%2Fv2%2Fmedia&parent=91"}],"curies":[{"name":"wp","href":"https:\/\/api.w.org\/{rel}","templated":true}]}}